35 a factor of 21746165?
True
Is 251283048 a multiple of 24?
True
Is 145 a factor of 173909375?
True
Is 20 a factor of 857094850?
False
Is 526732316 a multiple of 671?
True
Is 20302526 a multiple of 536?
False
Is 2851 a factor of 33185640?
True
Is 345455948 a multiple of 167?
False
Is 6813 a factor of 379456848?
True
Does 181 divide 49095888?
True
Is 932 a factor of 145754548?
True
Is 262720674 a multiple of 149?
True
Is 1768 a factor of 223620176?
True
Is 106303625 a multiple of 797?
False
Does 155 divide 13179960?
True
Does 3 divide 862475?
False
Is 819 a factor of 1499782465?
False
Does 4 divide 23100173?
False
Is 856 a factor of 200783047?
False
Is 86485930 a multiple of 67?
False
Is 12 a factor of 385977804?
True
Is 5 a factor of 2892180?
True
Is 857425146 a multiple of 12?
False
Is 251 a factor of 14205490?
False
Is 31914714 a multiple of 1078?
False
Does 75 divide 959866094?
False
Does 4 divide 12736441?
False
Is 424912851 a multiple of 33?
True
Does 245 divide 51414278?
False
Is 2719 a factor of 11814055?
True
Is 14 a factor of 824443?
False
Is 190 a factor of 1016086510?
False
Is 59667218 a multiple of 251?
True
Does 79 divide 109391570?
False
Is 237249 a multiple of 29?
True
Is 434 a factor of 2908841068?
False
Does 6 divide 54199530?
True
Is 767 a factor of 27047488?
True
Is 214377323 a multiple of 19?
True
Does 41 divide 324935742?
True
Is 231 a factor of 4406586492?
True
Is 127714960 a multiple of 365?
True
Does 3729 divide 6613639?
False
Does 131 divide 119121706?
True
Does 38 divide 1114692?
True
Is 176705188 a multiple of 44?
True
Is 16447903 even?
False
Is 1622450999 a multiple of 3474?
False
Is 137550775 a multiple of 6653?
True
Does 1147 divide 75174380?
True
Does 335 divide 3365572?
False
Is 1063 a factor of 58253463?
True
Does 149 divide 350330439?
True
Does 252 divide 69758892?
True
Does 602 divide 4556019343?
False
Is 412958473 a multiple of 42?
False
Does 11 divide 91545421?
True
Is 5 a factor of 758891055?
True
Does 13 divide 464852687?
True
Does 29 divide 1627814834?
True
Is 201 a factor of 19483533?
True
Does 2149 divide 423484089?
True
Is 573 a factor of 29926644?
True
Is 63 a factor of 138840219?
True
Is 752 a factor of 92153982?
False
Is 8344693 a multiple of 35?
False
Does 2 divide 13254364?
True
Is 11 a factor of 214205387?
True
Does 51 divide 37253391?
False
Is 429563910 a multiple of 1506?
True
Is 131 a factor of 83446083?
True
Does 17 divide 2546933?
False
Is 17 a factor of 212748100?
False
Is 27477529 a multiple of 8?
False
Is 46274186 a multiple of 75?
False
Is 9755 a factor of 1827241480?
False
Does 37 divide 355497776?
True
Is 109 a factor of 826153627?
False
Is 20 a factor of 755284483?
False
Does 8 divide 145101072?
True
Is 970444223 a multiple of 381?
False
Is 4880846 a multiple of 263?
False
Is 1972466050 a multiple of 9714?
False
Is 373997061 a multiple of 1613?
False
Does 3 divide 1275297282?
True
Is 38 a factor of 1245184?
True
Is 87336 a multiple of 6?
True
Is 293015073 a multiple of 169?
True
Does 24 divide 78038472?
True
Does 276 divide 60493128?
True
Is 232509802 a multiple of 38?
True
Is 245 a factor of 71344832?
False
Is 49 a factor of 106575931?
True
Is 14 a factor of 1155439982?
False
Is 23 a factor of 104925047?
False
Does 22 divide 54560704?
True
Is 3646069 a multiple of 2?
False
Is 5540689659 a multiple of 14?
False
Does 373 divide 122008300?
True
Is 223883363 a multiple of 98?
False
Does 73 divide 2443675?
True
Is 33897150 a multiple of 1575?
True
Is 329 a factor of 120409723?
True
Is 32945285 a multiple of 21?
False
Does 1725 divide 884689511?
False
Is 20 a factor of 120628600?
True
Is 513723056 a multiple of 98?
True
Does 299 divide 287850589?
True
Does 1495 divide 96248887?
False
Does 33 divide 8952180?
False
Is 20 a factor of 305215800?
True
Does 1181 divide 100358691?
False
Does 1158 divide 456926135?
False
Is 2657874277 a multiple of 3947?
True
Is 31405465 a multiple of 299?
True
Is 220 a factor of 1321453445?
False
Is 1924784160 a multiple of 312?
True
Is 278079002 a multiple of 1620?
False
Is 12 a factor of 139598945?
False
Does 1730 divide 1075807420?
True
Is 5991241 a multiple of 22?
False
Is 1523709942 a multiple of 339?
False
Does 90 divide 222404760?
True
Is 124 a factor of 24682200?
True
Is 68 a factor of 87302393?
False
Is 972 a factor of 152768268?
True
Does 116 divide 90221365?
False
Does 17 divide 340000221?
True
Does 1562 divide 156232802?
True
Does 30 divide 243984721?
False
Is 2180701259 a multiple of 1634?
False
Is 591621438 a multiple of 56?
False
Is 653997598 a multiple of 522?
False
Is 145 a factor of 219553635?
True
Does 1279 divide 102193379?
True
Does 2 divide 74325512?
True
Is 15 a factor of 68532532?
False
Does 12627 divide 1022654238?
False
Is 3865620 a multiple of 30?
True
Does 196 divide 67611180?
True
Does 9 divide 59670570?
False
Does 160 divide 28515360?
True
Is 1379193641 a multiple of 229?
False
Is 206 a factor of 3521776?
True
Does 30 divide 452798670?
True
Is 19 a factor of 881361949?
True
Is 67410507 a multiple of 26?
False
Is 250947602 a multiple of 603?
False
Is 1304802363 a multiple of 129?
True
Does 135 divide 3258957?
False
Does 76 divide 1625240240?
True
Does 737 divide 66933072?
False
Does 2 divide 2258755?
False
Does 280 divide 484172251?
False
Is 54944784 a multiple of 3088?
True
Does 28 divide 150878196?
True
Is 737701219 a multiple of 99?
False
Is 243176880 a multiple of 240?
True
Is 10239913 a multiple of 62?
False
Is 1046848198 a multiple of 11?
True
Is 670799415 a multiple of 15?
True
Is 360818630 a multiple of 590?
True
Is 2299717 a multiple of 32?
False
Does 26 divide 27761344?
True
Is 2605 a factor of 217887264?
False
Is 362 a factor of 1785959076?
False
Is 13 a factor of 604229170?
False
Is 194596831 a multiple of 11?
True
Is 46193608 a multiple of 72?
False
Is 155 a factor of 4576751?
False
Is 585461470 a multiple of 187?
True
Is 57 a factor of 130158?
False
Does 118 divide 31889169?
False
Is 43 a factor of 33238699?
True
Is 472 a factor of 50557138?
False
Is 612 a factor of 34802604?
True
Is 435337601 a multiple of 77?
False
Does 96 divide 23337413?
False
Does 9 divide 10053392?
False
Is 23 a factor of 1603883882?
False
Is 38 a factor of 25383406?
False
Is 26 a factor of 615769916?
False
Is 163 a factor of 20329197?
True
Is 41 a factor of 25347266?
True
Does 188 divide 76767168?
True
Does 14 divide 109908633?
False
Is 46 a factor of 1093462689?
False
Is 5 a factor of 944753509?
False
Is 3383190 a multiple of 5?
True
Is 109999112 a multiple of 152?
False
Is 8168 a factor of 1047125998?
False
Does 3 divide 39255115?
False
Is 2930200932 a multiple of 9854?
False
Is 264512575 a multiple of 113?
False
Is 8 a factor of 97280233?
False
Is 10 a factor of 15674670?
True
Is 232798906 a multiple of 38?
True
Does 359 divide 201248220?
True
Does 56 divide 44686320?
True
Does 534 divide 154225608?
True
Does 25 divide 2345450?
True
Is 8 a factor of 1465392?
True
Is 14311865 a multiple of 478?
False
Is 250139869 a multiple of 2210?
False
Does 9 divide 286938?
True
Does 13 divide 3744275696?
False
Is 90 a factor of 196468470?
True
Does 3315 divide 817589678?
False
Is 29311290 a multiple of 45?
True
Is 2229 a factor of 21983957?
False
Does 690 divide 963326561?
False
Is 53 a factor of 14341282?
False
Does 447 divide 36444103?
False
Is 189718530 a multiple of 20?
False
Is 46807880 a multiple of 1396?
True
Does 464 divide 24570192?
True
Does 536 divide 3204744?
True
Does 20 divide 1467372880?
True
Does 23 divide 173838123?
False
Is 10 a factor of 79204272?
False
Is 45901719 a multiple of 3?
True
Is 59649476 a multiple of 37?
True
Is 128408561 a multiple of 1190?
False
Is 570895667 a multiple of 796?
False
Is 237206585 a multiple of 395?
True
Is 484573157 a multiple of 15?
False
Is 5409266 a multiple of 11?
False
Is 259494984 a multiple of 62?
False
Is 24272280 a multiple of 382?
True
Does 25 divide 494940388?
False
Is 1227 a factor of 366873?
True
Does 15 divide 44798145?
True
Is 30258214 a multiple of 1040?
False
Is 9 a factor of 14486552?
False
Does 12 divide 91077128?
False
Is 6 a factor of 4491732?
True
Does 2800 divide 5938973?
False
Is 4 a factor of 282053256?
True
Does 1188 divide 588445853?
False
Is 1023900922 a multiple of 799?
True